{"id":8127,"date":"2021-08-17T20:53:31","date_gmt":"2021-08-17T20:53:31","guid":{"rendered":"https:\/\/delcofoundation.org\/our-impact\/domaines-prioritaires\/equite-raciale\/"},"modified":"2021-08-17T20:53:31","modified_gmt":"2021-08-17T20:53:31","slug":"equite-raciale","status":"publish","type":"page","link":"https:\/\/delcofoundation.org\/fr\/our-impact\/domaines-prioritaires\/equite-raciale\/","title":{"rendered":"\u00c9quit\u00e9 raciale"},"content":{"rendered":"","protected":false},"excerpt":{"rendered":"","protected":false},"author":5,"featured_media":0,"parent":6967,"menu_order":0,"comment_status":"closed","ping_status":"closed","template":"page-templates\/content-modules.php","meta":{"_acf_changed":false,"inline_featured_image":false,"footnotes":""},"class_list":["post-8127","page","type-page","status-publish","hentry"],"acf":[],"yoast_head":"<!-- This site is optimized with the Yoast SEO plugin v26.7 - https:\/\/yoast.com\/wordpress\/plugins\/seo\/ -->\n<title>\u00c9quit\u00e9 raciale - The Foundation for Delaware County<\/title>\n<meta name=\"description\" content=\"Une longue histoire de discrimination raciale a conduit \u00e0 des in\u00e9galit\u00e9s en mati\u00e8re de logement, d&#8217;\u00e9ducation et autres, qui emp\u00eachent de nombreuses personnes de mener une vie saine et \u00e9quitable. Nous pensons que la compr\u00e9hension de la v\u00e9rit\u00e9 des exp\u00e9riences de chacun et de l&#8217;histoire compl\u00e8te de notre comt\u00e9 nous offre la possibilit\u00e9 de grandir \u00e0 la fois sur le plan personnel et en tant que communaut\u00e9.\nDepuis la cr\u00e9ation de la fondation, nous nous sommes engag\u00e9s \u00e0 participer de mani\u00e8re proactive et audacieuse \u00e0 des discussions ouvertes sur les questions d&#8217;in\u00e9galit\u00e9s sociales et raciales. Afin de construire un avenir meilleur pour tous les habitants du comt\u00e9 de Delaware, nous nous engageons \u00e0 lutter contre les in\u00e9galit\u00e9s raciales afin de cr\u00e9er un changement profond et durable.\" \/>\n<meta name=\"robots\" content=\"index, follow, max-snippet:-1, max-image-preview:large, max-video-preview:-1\" \/>\n<link rel=\"canonical\" href=\"https:\/\/delcofoundation.org\/fr\/our-impact\/domaines-prioritaires\/equite-raciale\/\" \/>\n<meta property=\"og:locale\" content=\"fr_FR\" \/>\n<meta property=\"og:type\" content=\"article\" \/>\n<meta property=\"og:title\" content=\"\u00c9quit\u00e9 raciale - The Foundation for Delaware County\" \/>\n<meta property=\"og:url\" content=\"https:\/\/delcofoundation.org\/fr\/our-impact\/domaines-prioritaires\/equite-raciale\/\" \/>\n<meta property=\"og:site_name\" content=\"The Foundation for Delaware County\" \/>\n<meta property=\"og:image\" content=\"https:\/\/delcofoundation.org\/app\/uploads\/2021\/10\/320_FDC-Annual-21-e1631905307293.jpg\" \/>\n\t<meta property=\"og:image:width\" content=\"1950\" \/>\n\t<meta property=\"og:image:height\" content=\"1150\" \/>\n\t<meta property=\"og:image:type\" content=\"image\/jpeg\" \/>\n<meta name=\"twitter:card\" content=\"summary_large_image\" \/>\n<script type=\"application\/ld+json\" class=\"yoast-schema-graph\">{\"@context\":\"https:\/\/schema.org\",\"@graph\":[{\"@type\":\"WebPage\",\"@id\":\"https:\/\/delcofoundation.org\/fr\/our-impact\/domaines-prioritaires\/equite-raciale\/\",\"url\":\"https:\/\/delcofoundation.org\/fr\/our-impact\/domaines-prioritaires\/equite-raciale\/\",\"name\":\"\u00c9quit\u00e9 raciale - The Foundation for Delaware County\",\"isPartOf\":{\"@id\":\"https:\/\/delcofoundation.org\/fr\/#website\"},\"datePublished\":\"2021-08-17T20:53:31+00:00\",\"breadcrumb\":{\"@id\":\"https:\/\/delcofoundation.org\/fr\/our-impact\/domaines-prioritaires\/equite-raciale\/#breadcrumb\"},\"inLanguage\":\"fr-FR\",\"potentialAction\":[{\"@type\":\"ReadAction\",\"target\":[\"https:\/\/delcofoundation.org\/fr\/our-impact\/domaines-prioritaires\/equite-raciale\/\"]}]},{\"@type\":\"BreadcrumbList\",\"@id\":\"https:\/\/delcofoundation.org\/fr\/our-impact\/domaines-prioritaires\/equite-raciale\/#breadcrumb\",\"itemListElement\":[{\"@type\":\"ListItem\",\"position\":1,\"name\":\"Home\",\"item\":\"https:\/\/delcofoundation.org\/fr\/\"},{\"@type\":\"ListItem\",\"position\":2,\"name\":\"Our Impact\",\"item\":\"https:\/\/delcofoundation.org\/fr\/our-impact\/\"},{\"@type\":\"ListItem\",\"position\":3,\"name\":\"Domaines prioritaires\",\"item\":\"https:\/\/delcofoundation.org\/fr\/our-impact\/domaines-prioritaires\/\"},{\"@type\":\"ListItem\",\"position\":4,\"name\":\"\u00c9quit\u00e9 raciale\"}]},{\"@type\":\"WebSite\",\"@id\":\"https:\/\/delcofoundation.org\/fr\/#website\",\"url\":\"https:\/\/delcofoundation.org\/fr\/\",\"name\":\"The Foundation for Delaware County\",\"description\":\"\",\"publisher\":{\"@id\":\"https:\/\/delcofoundation.org\/fr\/#organization\"},\"potentialAction\":[{\"@type\":\"SearchAction\",\"target\":{\"@type\":\"EntryPoint\",\"urlTemplate\":\"https:\/\/delcofoundation.org\/fr\/?s={search_term_string}\"},\"query-input\":{\"@type\":\"PropertyValueSpecification\",\"valueRequired\":true,\"valueName\":\"search_term_string\"}}],\"inLanguage\":\"fr-FR\"},{\"@type\":\"Organization\",\"@id\":\"https:\/\/delcofoundation.org\/fr\/#organization\",\"name\":\"The Foundation for Delaware County\",\"url\":\"https:\/\/delcofoundation.org\/fr\/\",\"logo\":{\"@type\":\"ImageObject\",\"inLanguage\":\"fr-FR\",\"@id\":\"https:\/\/delcofoundation.org\/fr\/#\/schema\/logo\/image\/\",\"url\":\"\",\"contentUrl\":\"\",\"caption\":\"The Foundation for Delaware County\"},\"image\":{\"@id\":\"https:\/\/delcofoundation.org\/fr\/#\/schema\/logo\/image\/\"}}]}<\/script>\n<!-- \/ Yoast SEO plugin. -->","yoast_head_json":{"title":"\u00c9quit\u00e9 raciale - The Foundation for Delaware County","description":"Une longue histoire de discrimination raciale a conduit \u00e0 des in\u00e9galit\u00e9s en mati\u00e8re de logement, d&#8217;\u00e9ducation et autres, qui emp\u00eachent de nombreuses personnes de mener une vie saine et \u00e9quitable. Nous pensons que la compr\u00e9hension de la v\u00e9rit\u00e9 des exp\u00e9riences de chacun et de l&#8217;histoire compl\u00e8te de notre comt\u00e9 nous offre la possibilit\u00e9 de grandir \u00e0 la fois sur le plan personnel et en tant que communaut\u00e9.\nDepuis la cr\u00e9ation de la fondation, nous nous sommes engag\u00e9s \u00e0 participer de mani\u00e8re proactive et audacieuse \u00e0 des discussions ouvertes sur les questions d&#8217;in\u00e9galit\u00e9s sociales et raciales. Afin de construire un avenir meilleur pour tous les habitants du comt\u00e9 de Delaware, nous nous engageons \u00e0 lutter contre les in\u00e9galit\u00e9s raciales afin de cr\u00e9er un changement profond et durable.","robots":{"index":"index","follow":"follow","max-snippet":"max-snippet:-1","max-image-preview":"max-image-preview:large","max-video-preview":"max-video-preview:-1"},"canonical":"https:\/\/delcofoundation.org\/fr\/our-impact\/domaines-prioritaires\/equite-raciale\/","og_locale":"fr_FR","og_type":"article","og_title":"\u00c9quit\u00e9 raciale - The Foundation for Delaware County","og_url":"https:\/\/delcofoundation.org\/fr\/our-impact\/domaines-prioritaires\/equite-raciale\/","og_site_name":"The Foundation for Delaware County","og_image":[{"width":1950,"height":1150,"url":"https:\/\/delcofoundation.org\/app\/uploads\/2021\/10\/320_FDC-Annual-21-e1631905307293.jpg","type":"image\/jpeg"}],"twitter_card":"summary_large_image","schema":{"@context":"https:\/\/schema.org","@graph":[{"@type":"WebPage","@id":"https:\/\/delcofoundation.org\/fr\/our-impact\/domaines-prioritaires\/equite-raciale\/","url":"https:\/\/delcofoundation.org\/fr\/our-impact\/domaines-prioritaires\/equite-raciale\/","name":"\u00c9quit\u00e9 raciale - The Foundation for Delaware County","isPartOf":{"@id":"https:\/\/delcofoundation.org\/fr\/#website"},"datePublished":"2021-08-17T20:53:31+00:00","breadcrumb":{"@id":"https:\/\/delcofoundation.org\/fr\/our-impact\/domaines-prioritaires\/equite-raciale\/#breadcrumb"},"inLanguage":"fr-FR","potentialAction":[{"@type":"ReadAction","target":["https:\/\/delcofoundation.org\/fr\/our-impact\/domaines-prioritaires\/equite-raciale\/"]}]},{"@type":"BreadcrumbList","@id":"https:\/\/delcofoundation.org\/fr\/our-impact\/domaines-prioritaires\/equite-raciale\/#breadcrumb","itemListElement":[{"@type":"ListItem","position":1,"name":"Home","item":"https:\/\/delcofoundation.org\/fr\/"},{"@type":"ListItem","position":2,"name":"Our Impact","item":"https:\/\/delcofoundation.org\/fr\/our-impact\/"},{"@type":"ListItem","position":3,"name":"Domaines prioritaires","item":"https:\/\/delcofoundation.org\/fr\/our-impact\/domaines-prioritaires\/"},{"@type":"ListItem","position":4,"name":"\u00c9quit\u00e9 raciale"}]},{"@type":"WebSite","@id":"https:\/\/delcofoundation.org\/fr\/#website","url":"https:\/\/delcofoundation.org\/fr\/","name":"The Foundation for Delaware County","description":"","publisher":{"@id":"https:\/\/delcofoundation.org\/fr\/#organization"},"potentialAction":[{"@type":"SearchAction","target":{"@type":"EntryPoint","urlTemplate":"https:\/\/delcofoundation.org\/fr\/?s={search_term_string}"},"query-input":{"@type":"PropertyValueSpecification","valueRequired":true,"valueName":"search_term_string"}}],"inLanguage":"fr-FR"},{"@type":"Organization","@id":"https:\/\/delcofoundation.org\/fr\/#organization","name":"The Foundation for Delaware County","url":"https:\/\/delcofoundation.org\/fr\/","logo":{"@type":"ImageObject","inLanguage":"fr-FR","@id":"https:\/\/delcofoundation.org\/fr\/#\/schema\/logo\/image\/","url":"","contentUrl":"","caption":"The Foundation for Delaware County"},"image":{"@id":"https:\/\/delcofoundation.org\/fr\/#\/schema\/logo\/image\/"}}]}},"_links":{"self":[{"href":"https:\/\/delcofoundation.org\/fr\/wp-json\/wp\/v2\/pages\/8127","targetHints":{"allow":["GET"]}}],"collection":[{"href":"https:\/\/delcofoundation.org\/fr\/wp-json\/wp\/v2\/pages"}],"about":[{"href":"https:\/\/delcofoundation.org\/fr\/wp-json\/wp\/v2\/types\/page"}],"author":[{"embeddable":true,"href":"https:\/\/delcofoundation.org\/fr\/wp-json\/wp\/v2\/users\/5"}],"replies":[{"embeddable":true,"href":"https:\/\/delcofoundation.org\/fr\/wp-json\/wp\/v2\/comments?post=8127"}],"version-history":[{"count":0,"href":"https:\/\/delcofoundation.org\/fr\/wp-json\/wp\/v2\/pages\/8127\/revisions"}],"up":[{"embeddable":true,"href":"https:\/\/delcofoundation.org\/fr\/wp-json\/wp\/v2\/pages\/6967"}],"wp:attachment":[{"href":"https:\/\/delcofoundation.org\/fr\/wp-json\/wp\/v2\/media?parent=8127"}],"curies":[{"name":"wp","href":"https:\/\/api.w.org\/{rel}","templated":true}]}}

Équité raciale

<!-- This site is optimized with the Yoast SEO plugin v26.7 - https://yoast.com/wordpress/plugins/seo/ -->
<title>Équité raciale - The Foundation for Delaware County</title>
<meta name="description" content="Une longue histoire de discrimination raciale a conduit à des inégalités en matière de logement, d&#8217;éducation et autres, qui empêchent de nombreuses personnes de mener une vie saine et équitable. Nous pensons que la compréhension de la vérité des expériences de chacun et de l&#8217;histoire complète de notre comté nous offre la possibilité de grandir à la fois sur le plan personnel et en tant que communauté.
Depuis la création de la fondation, nous nous sommes engagés à participer de manière proactive et audacieuse à des discussions ouvertes sur les questions d&#8217;inégalités sociales et raciales. Afin de construire un avenir meilleur pour tous les habitants du comté de Delaware, nous nous engageons à lutter contre les inégalités raciales afin de créer un changement profond et durable." />
<meta name="robots" content="index, follow, max-snippet:-1, max-image-preview:large, max-video-preview:-1" />
<link rel="canonical" href="https://delcofoundation.org/fr/our-impact/domaines-prioritaires/equite-raciale/" />
<meta property="og:locale" content="fr_FR" />
<meta property="og:type" content="article" />
<meta property="og:title" content="Équité raciale - The Foundation for Delaware County" />
<meta property="og:url" content="https://delcofoundation.org/fr/our-impact/domaines-prioritaires/equite-raciale/" />
<meta property="og:site_name" content="The Foundation for Delaware County" />
<meta property="og:image" content="https://delcofoundation.org/app/uploads/2021/10/320_FDC-Annual-21-e1631905307293.jpg" />
	<meta property="og:image:width" content="1950" />
	<meta property="og:image:height" content="1150" />
	<meta property="og:image:type" content="image/jpeg" />
<meta name="twitter:card" content="summary_large_image" />
<script type="application/ld+json" class="yoast-schema-graph">{"@context":"https://schema.org","@graph":[{"@type":"WebPage","@id":"https://delcofoundation.org/fr/our-impact/domaines-prioritaires/equite-raciale/","url":"https://delcofoundation.org/fr/our-impact/domaines-prioritaires/equite-raciale/","name":"Équité raciale - The Foundation for Delaware County","isPartOf":{"@id":"https://delcofoundation.org/fr/#website"},"datePublished":"2021-08-17T20:53:31+00:00","breadcrumb":{"@id":"https://delcofoundation.org/fr/our-impact/domaines-prioritaires/equite-raciale/#breadcrumb"},"inLanguage":"fr-FR","potentialAction":[{"@type":"ReadAction","target":["https://delcofoundation.org/fr/our-impact/domaines-prioritaires/equite-raciale/"]}]},{"@type":"BreadcrumbList","@id":"https://delcofoundation.org/fr/our-impact/domaines-prioritaires/equite-raciale/#breadcrumb","itemListElement":[{"@type":"ListItem","position":1,"name":"Home","item":"https://delcofoundation.org/fr/"},{"@type":"ListItem","position":2,"name":"Our Impact","item":"https://delcofoundation.org/fr/our-impact/"},{"@type":"ListItem","position":3,"name":"Domaines prioritaires","item":"https://delcofoundation.org/fr/our-impact/domaines-prioritaires/"},{"@type":"ListItem","position":4,"name":"Équité raciale"}]},{"@type":"WebSite","@id":"https://delcofoundation.org/fr/#website","url":"https://delcofoundation.org/fr/","name":"The Foundation for Delaware County","description":"","publisher":{"@id":"https://delcofoundation.org/fr/#organization"},"potentialAction":[{"@type":"SearchAction","target":{"@type":"EntryPoint","urlTemplate":"https://delcofoundation.org/fr/?s={search_term_string}"},"query-input":{"@type":"PropertyValueSpecification","valueRequired":true,"valueName":"search_term_string"}}],"inLanguage":"fr-FR"},{"@type":"Organization","@id":"https://delcofoundation.org/fr/#organization","name":"The Foundation for Delaware County","url":"https://delcofoundation.org/fr/","logo":{"@type":"ImageObject","inLanguage":"fr-FR","@id":"https://delcofoundation.org/fr/#/schema/logo/image/","url":"","contentUrl":"","caption":"The Foundation for Delaware County"},"image":{"@id":"https://delcofoundation.org/fr/#/schema/logo/image/"}}]}</script>
<!-- / Yoast SEO plugin. -->

Équité raciale - The Foundation for Delaware County

Une longue histoire de discrimination raciale a conduit à des inégalités en matière de logement, d&#8217;éducation et autres, qui empêchent de nombreuses personnes de mener une vie saine et équitable. Nous pensons que la compréhension de la vérité des expériences de chacun et de l&#8217;histoire complète de notre comté nous offre la possibilité de grandir à la fois sur le plan personnel et en tant que communauté.
Depuis la création de la fondation, nous nous sommes engagés à participer de manière proactive et audacieuse à des discussions ouvertes sur les questions d&#8217;inégalités sociales et raciales. Afin de construire un avenir meilleur pour tous les habitants du comté de Delaware, nous nous engageons à lutter contre les inégalités raciales afin de créer un changement profond et durable.
