{"id":5614,"date":"2021-09-10T21:38:17","date_gmt":"2021-09-10T21:38:17","guid":{"rendered":"https:\/\/delcofoundation.org\/nuestro-impacto\/areas-prioritarias\/equidad-racial\/recursos-para-la-equidad-racial\/"},"modified":"2024-06-20T19:02:23","modified_gmt":"2024-06-20T19:02:23","slug":"recursos-para-la-equidad-racial","status":"publish","type":"page","link":"https:\/\/delcofoundation.org\/es\/nuestro-impacto\/areas-prioritarias\/equidad-racial\/recursos-para-la-equidad-racial\/","title":{"rendered":"Recursos para la equidad racial"},"content":{"rendered":"","protected":false},"excerpt":{"rendered":"","protected":false},"author":5,"featured_media":0,"parent":5200,"menu_order":0,"comment_status":"closed","ping_status":"closed","template":"page-templates\/content-modules.php","meta":{"_acf_changed":false,"inline_featured_image":false,"footnotes":""},"class_list":["post-5614","page","type-page","status-publish","hentry"],"acf":[],"yoast_head":"<!-- This site is optimized with the Yoast SEO plugin v26.7 - https:\/\/yoast.com\/wordpress\/plugins\/seo\/ -->\n<title>Recursos para la equidad racial - The Foundation for Delaware County<\/title>\n<meta name=\"description\" content=\"Como muchos otros, los miembros del Grupo de Trabajo sobre Equidad Racial est\u00e1n en un viaje de aprendizaje y crecimiento. Cada miembro est\u00e1 motivado por razones distintas, se encuentra en un punto diferente de ese viaje y encuentra inspiraci\u00f3n en recursos diferentes. A veces esos recursos suponen un reto, a veces son un recordatorio de experiencias personales dolorosas, a veces aclaran e iluminan. Crecemos interviniendo y compartiendo ideas.\" \/>\n<meta name=\"robots\" content=\"index, follow, max-snippet:-1, max-image-preview:large, max-video-preview:-1\" \/>\n<link rel=\"canonical\" href=\"https:\/\/delcofoundation.org\/es\/nuestro-impacto\/areas-prioritarias\/equidad-racial\/recursos-para-la-equidad-racial\/\" \/>\n<meta property=\"og:locale\" content=\"es_ES\" \/>\n<meta property=\"og:type\" content=\"article\" \/>\n<meta property=\"og:title\" content=\"Recursos para la equidad racial - The Foundation for Delaware County\" \/>\n<meta property=\"og:url\" content=\"https:\/\/delcofoundation.org\/es\/nuestro-impacto\/areas-prioritarias\/equidad-racial\/recursos-para-la-equidad-racial\/\" \/>\n<meta property=\"og:site_name\" content=\"The Foundation for Delaware County\" \/>\n<meta property=\"article:modified_time\" content=\"2024-06-20T19:02:23+00:00\" \/>\n<meta property=\"og:image\" content=\"https:\/\/delcofoundation.org\/app\/uploads\/2021\/10\/320_FDC-Annual-21-e1631905307293.jpg\" \/>\n\t<meta property=\"og:image:width\" content=\"1950\" \/>\n\t<meta property=\"og:image:height\" content=\"1150\" \/>\n\t<meta property=\"og:image:type\" content=\"image\/jpeg\" \/>\n<meta name=\"twitter:card\" content=\"summary_large_image\" \/>\n<script type=\"application\/ld+json\" class=\"yoast-schema-graph\">{\"@context\":\"https:\/\/schema.org\",\"@graph\":[{\"@type\":\"WebPage\",\"@id\":\"https:\/\/delcofoundation.org\/es\/nuestro-impacto\/areas-prioritarias\/equidad-racial\/recursos-para-la-equidad-racial\/\",\"url\":\"https:\/\/delcofoundation.org\/es\/nuestro-impacto\/areas-prioritarias\/equidad-racial\/recursos-para-la-equidad-racial\/\",\"name\":\"Recursos para la equidad racial - The Foundation for Delaware County\",\"isPartOf\":{\"@id\":\"https:\/\/delcofoundation.org\/es\/#website\"},\"datePublished\":\"2021-09-10T21:38:17+00:00\",\"dateModified\":\"2024-06-20T19:02:23+00:00\",\"breadcrumb\":{\"@id\":\"https:\/\/delcofoundation.org\/es\/nuestro-impacto\/areas-prioritarias\/equidad-racial\/recursos-para-la-equidad-racial\/#breadcrumb\"},\"inLanguage\":\"es-ES\",\"potentialAction\":[{\"@type\":\"ReadAction\",\"target\":[\"https:\/\/delcofoundation.org\/es\/nuestro-impacto\/areas-prioritarias\/equidad-racial\/recursos-para-la-equidad-racial\/\"]}]},{\"@type\":\"BreadcrumbList\",\"@id\":\"https:\/\/delcofoundation.org\/es\/nuestro-impacto\/areas-prioritarias\/equidad-racial\/recursos-para-la-equidad-racial\/#breadcrumb\",\"itemListElement\":[{\"@type\":\"ListItem\",\"position\":1,\"name\":\"Home\",\"item\":\"https:\/\/delcofoundation.org\/es\/\"},{\"@type\":\"ListItem\",\"position\":2,\"name\":\"Nuestro impacto\",\"item\":\"https:\/\/delcofoundation.org\/es\/nuestro-impacto\/\"},{\"@type\":\"ListItem\",\"position\":3,\"name\":\"\u00c1reas prioritarias\",\"item\":\"https:\/\/delcofoundation.org\/es\/nuestro-impacto\/areas-prioritarias\/\"},{\"@type\":\"ListItem\",\"position\":4,\"name\":\"Equidad racial\",\"item\":\"https:\/\/delcofoundation.org\/es\/nuestro-impacto\/areas-prioritarias\/equidad-racial\/\"},{\"@type\":\"ListItem\",\"position\":5,\"name\":\"Recursos para la equidad racial\"}]},{\"@type\":\"WebSite\",\"@id\":\"https:\/\/delcofoundation.org\/es\/#website\",\"url\":\"https:\/\/delcofoundation.org\/es\/\",\"name\":\"The Foundation for Delaware County\",\"description\":\"\",\"publisher\":{\"@id\":\"https:\/\/delcofoundation.org\/es\/#organization\"},\"potentialAction\":[{\"@type\":\"SearchAction\",\"target\":{\"@type\":\"EntryPoint\",\"urlTemplate\":\"https:\/\/delcofoundation.org\/es\/?s={search_term_string}\"},\"query-input\":{\"@type\":\"PropertyValueSpecification\",\"valueRequired\":true,\"valueName\":\"search_term_string\"}}],\"inLanguage\":\"es-ES\"},{\"@type\":\"Organization\",\"@id\":\"https:\/\/delcofoundation.org\/es\/#organization\",\"name\":\"The Foundation for Delaware County\",\"url\":\"https:\/\/delcofoundation.org\/es\/\",\"logo\":{\"@type\":\"ImageObject\",\"inLanguage\":\"es-ES\",\"@id\":\"https:\/\/delcofoundation.org\/es\/#\/schema\/logo\/image\/\",\"url\":\"\",\"contentUrl\":\"\",\"caption\":\"The Foundation for Delaware County\"},\"image\":{\"@id\":\"https:\/\/delcofoundation.org\/es\/#\/schema\/logo\/image\/\"}}]}<\/script>\n<!-- \/ Yoast SEO plugin. -->","yoast_head_json":{"title":"Recursos para la equidad racial - The Foundation for Delaware County","description":"Como muchos otros, los miembros del Grupo de Trabajo sobre Equidad Racial est\u00e1n en un viaje de aprendizaje y crecimiento. Cada miembro est\u00e1 motivado por razones distintas, se encuentra en un punto diferente de ese viaje y encuentra inspiraci\u00f3n en recursos diferentes. A veces esos recursos suponen un reto, a veces son un recordatorio de experiencias personales dolorosas, a veces aclaran e iluminan. Crecemos interviniendo y compartiendo ideas.","robots":{"index":"index","follow":"follow","max-snippet":"max-snippet:-1","max-image-preview":"max-image-preview:large","max-video-preview":"max-video-preview:-1"},"canonical":"https:\/\/delcofoundation.org\/es\/nuestro-impacto\/areas-prioritarias\/equidad-racial\/recursos-para-la-equidad-racial\/","og_locale":"es_ES","og_type":"article","og_title":"Recursos para la equidad racial - The Foundation for Delaware County","og_url":"https:\/\/delcofoundation.org\/es\/nuestro-impacto\/areas-prioritarias\/equidad-racial\/recursos-para-la-equidad-racial\/","og_site_name":"The Foundation for Delaware County","article_modified_time":"2024-06-20T19:02:23+00:00","og_image":[{"width":1950,"height":1150,"url":"https:\/\/delcofoundation.org\/app\/uploads\/2021\/10\/320_FDC-Annual-21-e1631905307293.jpg","type":"image\/jpeg"}],"twitter_card":"summary_large_image","schema":{"@context":"https:\/\/schema.org","@graph":[{"@type":"WebPage","@id":"https:\/\/delcofoundation.org\/es\/nuestro-impacto\/areas-prioritarias\/equidad-racial\/recursos-para-la-equidad-racial\/","url":"https:\/\/delcofoundation.org\/es\/nuestro-impacto\/areas-prioritarias\/equidad-racial\/recursos-para-la-equidad-racial\/","name":"Recursos para la equidad racial - The Foundation for Delaware County","isPartOf":{"@id":"https:\/\/delcofoundation.org\/es\/#website"},"datePublished":"2021-09-10T21:38:17+00:00","dateModified":"2024-06-20T19:02:23+00:00","breadcrumb":{"@id":"https:\/\/delcofoundation.org\/es\/nuestro-impacto\/areas-prioritarias\/equidad-racial\/recursos-para-la-equidad-racial\/#breadcrumb"},"inLanguage":"es-ES","potentialAction":[{"@type":"ReadAction","target":["https:\/\/delcofoundation.org\/es\/nuestro-impacto\/areas-prioritarias\/equidad-racial\/recursos-para-la-equidad-racial\/"]}]},{"@type":"BreadcrumbList","@id":"https:\/\/delcofoundation.org\/es\/nuestro-impacto\/areas-prioritarias\/equidad-racial\/recursos-para-la-equidad-racial\/#breadcrumb","itemListElement":[{"@type":"ListItem","position":1,"name":"Home","item":"https:\/\/delcofoundation.org\/es\/"},{"@type":"ListItem","position":2,"name":"Nuestro impacto","item":"https:\/\/delcofoundation.org\/es\/nuestro-impacto\/"},{"@type":"ListItem","position":3,"name":"\u00c1reas prioritarias","item":"https:\/\/delcofoundation.org\/es\/nuestro-impacto\/areas-prioritarias\/"},{"@type":"ListItem","position":4,"name":"Equidad racial","item":"https:\/\/delcofoundation.org\/es\/nuestro-impacto\/areas-prioritarias\/equidad-racial\/"},{"@type":"ListItem","position":5,"name":"Recursos para la equidad racial"}]},{"@type":"WebSite","@id":"https:\/\/delcofoundation.org\/es\/#website","url":"https:\/\/delcofoundation.org\/es\/","name":"The Foundation for Delaware County","description":"","publisher":{"@id":"https:\/\/delcofoundation.org\/es\/#organization"},"potentialAction":[{"@type":"SearchAction","target":{"@type":"EntryPoint","urlTemplate":"https:\/\/delcofoundation.org\/es\/?s={search_term_string}"},"query-input":{"@type":"PropertyValueSpecification","valueRequired":true,"valueName":"search_term_string"}}],"inLanguage":"es-ES"},{"@type":"Organization","@id":"https:\/\/delcofoundation.org\/es\/#organization","name":"The Foundation for Delaware County","url":"https:\/\/delcofoundation.org\/es\/","logo":{"@type":"ImageObject","inLanguage":"es-ES","@id":"https:\/\/delcofoundation.org\/es\/#\/schema\/logo\/image\/","url":"","contentUrl":"","caption":"The Foundation for Delaware County"},"image":{"@id":"https:\/\/delcofoundation.org\/es\/#\/schema\/logo\/image\/"}}]}},"_links":{"self":[{"href":"https:\/\/delcofoundation.org\/es\/wp-json\/wp\/v2\/pages\/5614","targetHints":{"allow":["GET"]}}],"collection":[{"href":"https:\/\/delcofoundation.org\/es\/wp-json\/wp\/v2\/pages"}],"about":[{"href":"https:\/\/delcofoundation.org\/es\/wp-json\/wp\/v2\/types\/page"}],"author":[{"embeddable":true,"href":"https:\/\/delcofoundation.org\/es\/wp-json\/wp\/v2\/users\/5"}],"replies":[{"embeddable":true,"href":"https:\/\/delcofoundation.org\/es\/wp-json\/wp\/v2\/comments?post=5614"}],"version-history":[{"count":1,"href":"https:\/\/delcofoundation.org\/es\/wp-json\/wp\/v2\/pages\/5614\/revisions"}],"predecessor-version":[{"id":6146,"href":"https:\/\/delcofoundation.org\/es\/wp-json\/wp\/v2\/pages\/5614\/revisions\/6146"}],"up":[{"embeddable":true,"href":"https:\/\/delcofoundation.org\/es\/wp-json\/wp\/v2\/pages\/5200"}],"wp:attachment":[{"href":"https:\/\/delcofoundation.org\/es\/wp-json\/wp\/v2\/media?parent=5614"}],"curies":[{"name":"wp","href":"https:\/\/api.w.org\/{rel}","templated":true}]}}

<!-- This site is optimized with the Yoast SEO plugin v26.7 - https://yoast.com/wordpress/plugins/seo/ -->
<title>Recursos para la equidad racial - The Foundation for Delaware County</title>
<meta name="description" content="Como muchos otros, los miembros del Grupo de Trabajo sobre Equidad Racial están en un viaje de aprendizaje y crecimiento. Cada miembro está motivado por razones distintas, se encuentra en un punto diferente de ese viaje y encuentra inspiración en recursos diferentes. A veces esos recursos suponen un reto, a veces son un recordatorio de experiencias personales dolorosas, a veces aclaran e iluminan. Crecemos interviniendo y compartiendo ideas." />
<meta name="robots" content="index, follow, max-snippet:-1, max-image-preview:large, max-video-preview:-1" />
<link rel="canonical" href="https://delcofoundation.org/es/nuestro-impacto/areas-prioritarias/equidad-racial/recursos-para-la-equidad-racial/" />
<meta property="og:locale" content="es_ES" />
<meta property="og:type" content="article" />
<meta property="og:title" content="Recursos para la equidad racial - The Foundation for Delaware County" />
<meta property="og:url" content="https://delcofoundation.org/es/nuestro-impacto/areas-prioritarias/equidad-racial/recursos-para-la-equidad-racial/" />
<meta property="og:site_name" content="The Foundation for Delaware County" />
<meta property="article:modified_time" content="2024-06-20T19:02:23+00:00" />
<meta property="og:image" content="https://delcofoundation.org/app/uploads/2021/10/320_FDC-Annual-21-e1631905307293.jpg" />
	<meta property="og:image:width" content="1950" />
	<meta property="og:image:height" content="1150" />
	<meta property="og:image:type" content="image/jpeg" />
<meta name="twitter:card" content="summary_large_image" />
<script type="application/ld+json" class="yoast-schema-graph">{"@context":"https://schema.org","@graph":[{"@type":"WebPage","@id":"https://delcofoundation.org/es/nuestro-impacto/areas-prioritarias/equidad-racial/recursos-para-la-equidad-racial/","url":"https://delcofoundation.org/es/nuestro-impacto/areas-prioritarias/equidad-racial/recursos-para-la-equidad-racial/","name":"Recursos para la equidad racial - The Foundation for Delaware County","isPartOf":{"@id":"https://delcofoundation.org/es/#website"},"datePublished":"2021-09-10T21:38:17+00:00","dateModified":"2024-06-20T19:02:23+00:00","breadcrumb":{"@id":"https://delcofoundation.org/es/nuestro-impacto/areas-prioritarias/equidad-racial/recursos-para-la-equidad-racial/#breadcrumb"},"inLanguage":"es-ES","potentialAction":[{"@type":"ReadAction","target":["https://delcofoundation.org/es/nuestro-impacto/areas-prioritarias/equidad-racial/recursos-para-la-equidad-racial/"]}]},{"@type":"BreadcrumbList","@id":"https://delcofoundation.org/es/nuestro-impacto/areas-prioritarias/equidad-racial/recursos-para-la-equidad-racial/#breadcrumb","itemListElement":[{"@type":"ListItem","position":1,"name":"Home","item":"https://delcofoundation.org/es/"},{"@type":"ListItem","position":2,"name":"Nuestro impacto","item":"https://delcofoundation.org/es/nuestro-impacto/"},{"@type":"ListItem","position":3,"name":"Áreas prioritarias","item":"https://delcofoundation.org/es/nuestro-impacto/areas-prioritarias/"},{"@type":"ListItem","position":4,"name":"Equidad racial","item":"https://delcofoundation.org/es/nuestro-impacto/areas-prioritarias/equidad-racial/"},{"@type":"ListItem","position":5,"name":"Recursos para la equidad racial"}]},{"@type":"WebSite","@id":"https://delcofoundation.org/es/#website","url":"https://delcofoundation.org/es/","name":"The Foundation for Delaware County","description":"","publisher":{"@id":"https://delcofoundation.org/es/#organization"},"potentialAction":[{"@type":"SearchAction","target":{"@type":"EntryPoint","urlTemplate":"https://delcofoundation.org/es/?s={search_term_string}"},"query-input":{"@type":"PropertyValueSpecification","valueRequired":true,"valueName":"search_term_string"}}],"inLanguage":"es-ES"},{"@type":"Organization","@id":"https://delcofoundation.org/es/#organization","name":"The Foundation for Delaware County","url":"https://delcofoundation.org/es/","logo":{"@type":"ImageObject","inLanguage":"es-ES","@id":"https://delcofoundation.org/es/#/schema/logo/image/","url":"","contentUrl":"","caption":"The Foundation for Delaware County"},"image":{"@id":"https://delcofoundation.org/es/#/schema/logo/image/"}}]}</script>
<!-- / Yoast SEO plugin. -->

Como muchos otros, los miembros del Grupo de Trabajo sobre Equidad Racial están en un viaje de aprendizaje y crecimiento. Cada miembro está motivado por razones distintas, se encuentra en un punto diferente de ese viaje y encuentra inspiración en recursos diferentes. A veces esos recursos suponen un reto, a veces son un recordatorio de experiencias personales dolorosas, a veces aclaran e iluminan. Crecemos interviniendo y compartiendo ideas.

Áreas prioritarias
